 + 33 - 24)?
2
Evaluate (48 - (19 - (-9 + -6))) + -1 + -42.
-29
What is the value of -210 + (203 - (74 + 18))?
-99
105 + -28 + -99 + -56
-78
-43 + 2 - (-32 - 17)
8
What is -31 + (22 - -1) + -7?
-15
Calculate (-2 - -44) + (22 - 7) + 28.
85
-47 - ((-69 - 113) + 120)
15
Calculate -151 + (87 - 153) + 142.
-75
What is -78 + 70 + (3 - -39) - 24?
10
(7 - (10 - (-7 - -10))) + 20 - -4
24
What is the value of (21 - -49) + -69 - (-6 - 11)?
18
(26 - 0 - ((-62 - -27) + 7 + 35)) + 9
28
What is the value of 170 + -125 + -15 + -158?
-128
Calculate 70 + (7 + -3 - (5 - 31)).
100
What is the value of -1 + -30 - ((10 - 31) + 6 + 9)?
-25
Evaluate 1 - 12 - (-737 - -761) - 1.
-36
What is -42 + (57 - (-48 + 77))?
-14
What is the value of -177 - ((31 - (87 - 44)) + -21)?
-144
Evaluate 134 + 0 + (-14324 - -14139).
-51
(-99 - -147) + -59 - 13
-24
What is the value of 8 + 0 + (27 - (-32 + (15 - -71)))?
-19
Evaluate (75 - 59 - (0 + -56)) + 0 + -11.
61
(-6 - (-3 - -2) - (12 + -1)) + -3
-19
What is (208 - 229) + -17 + 2?
-36
What is -2070 + 2093 - (-17 - (-1 - -2))?
41
Evaluate -150 - -53 - -100 - (2 + 25).
-24
Evaluate 4 + 93 - (-4 - -10 - (-13 + 5 - -3)).
86
What is the value of -10 + (327 - (-84 + 407) - (0 + (13 - 1)))?
-18
Evaluate -69 - ((11 - 9) + -9) - (7 + -5 + -12).
-52
Calculate -2891 + 2872 - (57 - 3).
-73
-7 - 21 - -11 - 45
-62
What is -14 + 13 + (-138 + 80 - (0 + -3))?
-56
38 + -24 - -6 - -13
33
Calculate 4 - -1 - (6 + -4 - -12) - (-17 - -28).
-20
What is (46 - -12) + (-94 - 15)?
-51
-76 - (-17 - (-6 - (-19 - 1)))
-45
Evaluate 81 + (59 - 29 - 10).
101
Evaluate 1017 + -1017 + (-2 - (0 - 1)) + 7 - -5.
11
Evaluate (-29 - (-38 + 12)) + -4 + -2 - -37.
28
What is the value of -64 - -23 - -39 - 47?
-49
Calculate -3 + 4 - -21 - (-8 + -25 + 23).
32
What is -7 + 9 + 11 - (1 + 4 + -43)?
51
0 + 48 + (12 - 10) + (-5 - 3) + -2
40
Evaluate -7 + 0 + 0 + (-27 - (-56 - -41 - 47)).
28
What is -27 + 29 + 1 + 6 - (80 - 2)?
-69
What is 45 + -121 - -77 - -87?
88
Evaluate (-64 - (-238 - -176)) + 1 + 18.
17
-1 + -46 + (2358 - 2311)
0
Evaluate 60 - (-8 + -1 - (13 + (-33 - (21 + -30)))).
58
What is the value of -63 + 42 + -10 + 68?
37
What is 0 - (2 + 39 + 1) - (3617 - 3630)?
-29
Calculate -3 + 52 + 21 + (52 - 40).
82
What is (-39 - -48) + (-32 - 13)?
-36
14 + 66 + -13 + -19
48
What is 9 - 1 - (60 + -58 + 28 + -34)?
12
What is the value of -9 + 57 - (-223 - -264)?
7
2 + 0 - ((0 - -3) + 8) - (-4028 - -4119)
-100
Calculate -6318 - -6336 - (3 - (-2 - (-6 + 3) - -2)).
18
What is -1 + (0 - -1) + (-4 - -13) - (-628 - -593)?
44
What is -41 - ((-5 - 0) + -2 + 2 - (-3 + -2))?
-41
What is (40 + -43 - -11) + 8 + (1 - -4)?
21
What is the value of (26 + -9 - 8) + (5 + -51 - -1) + -7?
-43
-8 + (2 - -3) - -29 - (15 + -13)
24
22 + (-33 + -17 - (10 + 4))
-42
104 + (8 - 29) - 55
28
-17 + 3 + -118 + 193
61
23 + -24 + (8 - -1) + -10 + -7
-9
What is the value of (-1 - (22 - 0)) + (-45167 - -45148)?
-42
What is the value of (325 - 338) + -6 + -1 - -9?
-11
Calculate -32 + 40 + -5 - (-25 + -1).
29
What is the value of (-1 - (-2 + 6 + 2)) + (60 - 52)?
1
What is -11 - -6 - 0 - 5 - (11 - 12)?
-9
What is (2 - (54 - 0) - (-58 - -48)) + 1?
-41
Calculate (-2 - 0 - 28) + (-10154 - -10177).
-7
What is -224 - -243 - (-20 - 1)?
40
What is the value of -49 - (20 - -5) - -17 - -22?
-35
What is the value of (0 - -5) + (-14 - -18 - 12 - 7) - 45?
-55
What is (7 - -2) + -15 + -1 - -23 - 28 - 121?
-133
Evaluate 25 + 22 + -39 + (0 - 20 - -3) + -37.
-46
Evaluate -5 + (-17 - (27 + -44)).
-5
What is 1 + 3 - (6 - (21 + -5) - -11)?
3
4 + 6 + 12 + 7 + 10 + 1 + -2
38
What is 0 + -32 - (-27150 - -27065)?
53
47 + -28 + (-12 - (25 - 12))
-6
Calculate 85 - (1 + -30 + 28 - -12).
74
What is the value of (17 - (6 - -9) - (-76 - 12 - 14)) + 3?
107
Calculate (215 - 232) + 6 + (-7 - -3) + 6.
-9
What is the value of (0 - -63) + (-4 + 25 + (-65 - -51) - 9)?
61
-62 - -63 - (1 + -7 + 6 - -6)
-5
Evaluate 1472 + -1568 - ((0 - 5) + 23).
-114
What is the value of 139 + (-123 - (62 - 79))?
33
Calculate 36 + 2 + 2 + 15 + -20 + -8.
27
0 - (-1 - -1 - (-21 + -20 + 30 + -106))
-117
-35 - -48 - 6 - 7
0
What is the value of -50 + 2 - (6114 - 6131)?
-31
Evaluate -11 - -39 - (-5 + (92 - -34)).
-93
What is -52 - -116 - 117 - ((9 - 1) + -2)?
-59
Evaluate -122 + (-60 - (-17 + -70)).
-95
Evaluate 31 - (-27 + 46 + 22 + 53).
-63
What is the value of 15 + -17 + -14 + 24 - 14?
-6
Evaluate (21 + -36 - 55) + 15 + 9 + -1.
-47
Calculate -130 + 175 + -21 + -1 + -14.
9
(5 - 61) + (192 - 177 - (-1 + 7))
-47
What is the value of (-68 + 38 - -40) + 3 + -2 + -109?
-98
What is the value of -1 - (7 + 2) - ((109 - -85) + -118)?
-86
What is -39 + 88 + -166 - -63?
-54
-14 + (-22 - (45 + 13) - -19)
-75
Calculate (6 + 2 - 0) + (-156 + 101 - -42).
-5
Evaluate 22 + 3 + -1 + 1752 + -1679.
97
What is (2 + -10 - -17) + 28 + -6?
31
What is (18 - 16) + -69 + 1 + 12?
-54
-12423 - -12413 - (0 + -2 + 1 - 15)
6
(22 - (-52 + 13)) + 1 + (23 - 2)
83
-28 - (-10 + -13 + 26)
-31
What is the value of 50 - 65 - 115 - (4 - 20 - -2)?
-116
Evaluate 1 - (9 + (13 - 8) + -12 + 6) - -38.
31
What is (24 - 30) + -3 + -2 + 2 + 17 + -22?
-14
-33 + (-26 - -52 - -36)
29
What is the value of 66 + -88 - (96 + -76)?
-42
2 - (-24 - -9) - 21 - -12
8
Evaluate 873 + -918 + (0 - -19).
-26
What is (-148 + -77 - -179) + -4 + 171?
121
-13 - (10 + -34 + 5 + 10)
-4
Calculate (225 - 190 - (-5 + 23)) + -82.
-65
What is (36 - (-1 + 22)) + -82?
-67
Calculate -111 + 98 - (-86 - -35).
38
What is the value of -111 + 38 - (7 + (-4 - 1))?
-75
What is the value of -1 + 8 - ((12 - -6) + -20) - (-21 + 11)?
19
-4 + (23 - (59 - 5))
-35
What is 9 + (-65 - (-84 - -70))?
-42
Evaluate 4 - -12 - (-2 + 13 + 64).
-59
Calculate 397 + -442 + 1 + 39 - (-95 - 2).
92
-1 + -5 + 27 - (115 + -101) - 36
-29
Calculate -235 + 82 + 4 + -19 + 11 + 26.
-131
12 + 1 - (71 + -30 + 20 + -55)
7
What is (-2 + 2 - (5 + -8 + 1) - 79) + 5?
-72
Evaluate 20 - ((-4 + 8 - -29) + -7).
-6
-2 + (-7 - (133 - 61))
-81
Evaluate -5 + (5 - 0) + 302 + -283.
19
What is -10 + -24 + 50 + -55 - -170?
131
Evaluate -109 + 77 + 134 - 98.
4
Calculate (108 - (-11 - -142)) + 69.
46
What is 1 + -21 - (21 + 10 - 17)?
-34
What is the value of (-4 + 3 - -3) + (-88 - -52) + 8?
-26
Calculate 1 + 67 - (-4 + -9) - (-27 + 19).
89
What is (-23 - (15 + -40 - -18)) + 18 + (1 - 0)?
3
Calculate 56 + (-66 - -2 - -40).
32
What is the value of (41 - (72 - 79)) + -74?
-26
Calculate -3 - -22 - (-107 + 64).
62
Evaluate -73 + 93 - (9 + 2 + -32).
41
(-61 - -53) + -7 + 2 + 1 + -8
-20
Calculate 11 + (4 - 38) + 168 + -174.
-29
Evaluate 131 + 3 + -66 + -122.
-54
(10 + (-14 - 10) - 20) + (-1 + 4 - 5)
-36
What is 41 + (-11 - 2 - -44 - 20)?
52
What is 7 + -3 + -3 + (-1 - 10) + 4?
-6
What is the value of -31 + (-105 - (-24 - 38))?
-74
-45 + (38 - -26) + -16
3
Calculate (25 - (13 + -42) - ((4 - 3) + 4)) + 2.
51
What is (-49 - -21) + 19 - (-18 - 0)?
9
-13 - -4 - -6 - (11 - 21)
7
Evaluate -4 - (19 + 14) - 12.
-49
Evaluate (3 + -5 - -157) + 151 + -151 + -1 + -9.
145
What is -3 + 1 + -28 + (4 - (38 - 36))?
-28
What is (-8 - 51) + -28 + (-8 - -50)?
-45
What is the value of (-35 - 3) + -36 + (-7 - -50)?
-31
Calculate -1 + 73 - (427 - 341).
-14
(19 - (16 + 30)) + 40
13
What is the value of -1 - (1 - (-42 + 23 + 18)) - (-65 + 2)?
60
What is -16 - ((3 + 8 - 21) + 42)?
-48
1 + -4 + 1 + (-58 - (-25 - -12 - -8))
-55
-4221 - -4232 - (0 + 5 + -1)
7
What is the value of 69 - (-27 - (-27 - 83))?
-14
What is -3 + -22 + -2 - (-861 - -735)?
99
Evaluate 12 - (5 - ((-4 + -4 - 11) + 39)).
27
43 + -45 + 44 + -26 + -131
-115
What is -32 + (2 - -4) + (-10 + -1 - (-1 - 9))?
-27
Evaluate 126 - (14 + 69 + -31).
74
Calculate 29 + -38 + (-13 - (79 - 2)) - (-1 + -4).
-94
(102 - -2) + (1 - -16) + (46 - (8 - -51))
108
-79 + (-58 + 47 - -40)
-50
What is the value of 0 + -46 + (57 + -83 - -23)?
-49
-14 + 1 + 0 - (-6352 - -6397)
-58
Evaluate 40 + -34 + 49 + (-36 - -26).
45
What is 13 + 1 - (17 + 17 + -24 + 9)?
-5
35 + 6 + -32 + 54
63
10 + (32 - 40) + 13 + -113
-98
Evaluate (7 - -2) + 2594 + -2561.
42
Evaluate 207 - 220 - (-1 + 8 + -6 + -75).
61
What is -1 - 107 - -131 - (0 - -17)?
6
What is the value of (-3 + 38 - (13 - -3)) + -63?
-44
Evaluate 45 - ((-20 - (-21 - 3)) + (5 - -4)).
32
Calculate (-19 - -32) + -43 + -6 + -8.
-44
What is 24 + -2 + -68 + 65 + -61